 (-22 + 2)) + (-26 + -5 - -36)
26
Calculate -12 - (13 - 26) - (-11 - (5 - 17)).
0
Calculate -48 + 5 + 4 + -7 + -3.
-49
Evaluate -75 - (75 - (-17 - -208)).
41
Evaluate -62 + 103 + 101 - 105.
37
What is the value of 5 - -69 - 58 - 70?
-54
What is the value of -73 + -10 + 68 + 18 + -1 + (74 - 1)?
75
Calculate (19 - 14) + (-5 - 5) + (-19 - -44).
20
Calculate -6 + (13 + (-37 - -12) - -9) - -43.
34
Calculate -149 - -229 - (18 + 45).
17
Evaluate -363 + 280 - (-10 + (-1 + 0 - 6)).
-66
What is 6 - (-69 - -10 - (1 + (6 - 11) + -8))?
53
Evaluate -36 + (19 - (18 + (36 - 19))).
-52
Evaluate 29 - (8 + -9 - (6 - -22)).
58
Calculate 414 + -503 + (-1 - -8 - -9).
-73
Calculate -8 - (9 - 25) - (-4 - (-12 + 6 + 0)).
6
What is the value of 24 - ((28 - 25) + (-3 + 15 - -14))?
-5
What is the value of -5 + (-13 + 13 - -12) + (0 - 104)?
-97
19 - (-3 + -1 + (-8 - (-18 + -3)))
10
Calculate -4 - (14 + -4) - (-47 - 2 - -43).
-8
What is the value of 1 - ((12 - 5) + (-3 + -6 - 100) + -16)?
119
(0 + 0 - -12) + 15 - (-2 + 3)
26
Calculate -44 - ((44 + -16 - 33) + 45).
-84
What is the value of 3 - ((-8 - (-3 - 3)) + 4)?
1
Evaluate (16 - (23 + 18)) + 3 + 0 + 0.
-22
Calculate (-6 - (12 - (39 - 20))) + 10 + 101.
112
Evaluate (539 - 469 - (42 + -1)) + -136.
-107
What is the value of -2 + 20 + -32 + -11 + 42?
17
(-1 - 4) + 4 + (6 - (1 - -6))
-2
What is the value of 62 + -123 - -71 - (113 - 1)?
-102
Evaluate (84 - 92) + (3 - 4) + -20 + 2.
-27
3 - (5 - 15) - (15 - (25 + -16))
7
(-13 - (6 - -13 - 42)) + 0 + -3
7
Evaluate 16 + -21 + (-1 + 28 - 11) + 39.
50
-39 - (-31 + 14 - 8)
-14
78 + 10 - ((13 - 10) + 9)
76
6 + (7 - (2 - -117)) + -11 + 56 + -31
-92
What is the value of -121 - (241 + -252 + (2 - 19))?
-93
-47 + (-124 - -114) - -36
-21
Evaluate 32 + 4 + 1 + -44.
-7
What is -92 + 108 - (-17 - (-17 - -71))?
87
What is the value of 660 + -658 - (10 + -2) - (-48 + 1 - 1)?
42
What is 3 + -75 + 35 + 2 + 16?
-19
What is the value of -1 - 0 - ((-86 - 23) + 81)?
27
What is the value of 56 + 8 + 22 - 88?
-2
What is the value of 23 - ((7 - 0) + (-62 - -71))?
7
What is the value of -95 + -14 + 48 + -9 + -2?
-72
9997 - 10123 - (-2 - 54)
-70
-4 + 13 + -26 + (-62 - -5) + -2
-76
Evaluate (1 - -7) + (-21 - (-33 - -52 - 21)).
-11
37 - (31 + (-52 - -69))
-11
-41 + -54 + (49 - -13)
-33
Evaluate -13 + 37 + -92 + (-55 - -46).
-77
-7 + (5 + -9 - (-21 - -30) - -26)
6
What is the value of -131 - -77 - (4 - 36)?
-22
Calculate 8 + (-38 - -43 - (-32 + 0 + 7 + -1)).
39
What is the value of -402 + 403 - ((7 - (-5 + 9)) + -88 - -4)?
82
What is the value of 23 + (11 - (-30 - -57)) - (-1 - (-1 + -57))?
-50
Evaluate 12 + (-25 - (-39 - 7)).
33
What is the value of -307 + 301 - (7 + -82 + 7 + -2)?
64
Evaluate -102 - (-156 + 77) - (-3 + -136).
116
Evaluate -66 + -57 + (-53 - -215).
39
What is -574 + 593 - (9 - 5 - (1 + 0 + 1))?
17
Calculate (29 - -1) + (28 - (-21 - -38)).
41
-27 + 20 - (-11 + (7 - 8) + -10 + -45)
60
What is 88 + -99 + (15 - 9 - 3 - -8)?
0
Calculate -258 - -218 - (5 - 81).
36
What is the value of 56 - (1 - (5 + (-2 - 8))) - (-49 - -42)?
57
Calculate (4 - -12) + (49 + -47 - 3).
15
Calculate 1 + 11 - ((-19 - 21) + 42) - (2 - 12).
20
What is the value of (201 - 214) + -7 + 60?
40
What is 166 + -5 + (3745 - 3814)?
92
What is 11 - (5 - (16 - 6) - (37 + 14)) - 4?
63
What is the value of -46 + 1 + 229 + -164?
20
Evaluate 70 + -35 + -111 - -65.
-11
Evaluate -24 - (-61 - (-38 + 29)).
28
-1 + -24 + -1 - (-47 + -124 + 179)
-34
3 + (1 - 28) + -101 + 90
-35
111 + (-82 + 20 - -56 - (2 - -4))
99
What is 1644 - 1467 - (-6 + 58)?
125
What is (27 - (-1 + -5)) + (-10 - -26) + -7?
42
What is the value of -2498 - -2504 - (0 + 63 + (17 - 15))?
-59
What is 489 + -490 + (-1 - 23) - 18?
-43
What is the value of (-78 - 1) + (8 - (-31 - -8 - -24))?
-72
What is the value of -33 - (-22 + (3 - 7)) - -19?
12
What is the value of -3 + (31 - -3 - -9) + 8?
48
38 - (-81 - (-121 + 87))
85
Calculate 2 - -52 - 33 - -34.
55
Evaluate 55 + (157 - 307) + (1 - 48).
-142
What is the value of -109 - -143 - ((-3 - -5 - 2) + -5 + -2)?
41
23 + -2 - (-65 - (-28 + 15)) - -13
86
Evaluate 80 - (27 + -15 - 17).
85
-102 - (-191 - (-43 - -37))
83
-18 - (-2 - 1 - (-55 + 42))
-28
Evaluate -347 + 355 - (0 + -3 - (-1 - -86 - 1)).
95
114 - 215 - (-3 + -104)
6
What is 22 + -1 + (-790 - -754)?
-15
Evaluate -2 + -7 - (-2474 - -2484).
-19
Evaluate 38 + 63 + -29 + -44.
28
What is the value of 12 + (-3 + 1 + 2 + 6 - 13)?
5
-18 - (-50 + -53 + 96 - (-18 + 4))
-25
What is 88 + (15 - -73) + -92?
84
Evaluate -7 - -8 - (-7 - -51 - 4).
-39
Calculate -72 - (49 + (3 - 124)).
0
-1 - 1 - (4 + (-19 - -6)) - (31 + -3)
-21
-33 - (-191 + 194 - (1 + 12 + 2))
-21
Calculate (13 - (2 - 0)) + (1606 - 1584).
33
What is the value of -32 + 39 + 28 - (1 - 16)?
50
What is 12 + 3 + -8 + 6 - (57 - -2)?
-46
What is the value of 38 - (1 + -1) - (73 - 101 - -73 - 41)?
34
Evaluate -63 - (12 + -37) - -39 - (-1 + -74).
76
-1 - (-26 + 62 + -9)
-28
Evaluate 20 + -16 - (-19 + 14).
9
Calculate 30 - 61 - (-9 + -24 + 3).
-1
What is the value of (-9 - (-9 - -4) - 10) + 32?
18
Calculate -36 - ((-61 - 49) + 74).
0
Calculate 24 + -81 + 138 - 37.
44
((-3 + 25 - 12) + -34 - (-14 + 3)) + 95
82
Evaluate 2 + 32 + (-5 + -14 + 19 - 12) + 1.
23
What is the value of (369 - 366) + -13 + 1 + (2 - -45)?
38
What is the value of 28 - (-511 + 578 - (-8 - -1))?
-46
Evaluate -9 - -50 - (2 + 46 + -31).
24
What is the value of -11 + (3 - (76 + -109)) + (0 - 5)?
20
Calculate -5 + 2 - (27 - (18 + -34)).
-46
Evaluate -73 - (-200 + 36 + 90).
1
What is (13 - 83) + (-382 - -521)?
69
Calculate -45 - ((52 - 58) + -6 + 0 + 2 - -14).
-49
Evaluate -1 + (-2 - (-1 + (8 - -1 - 1))) - -2.
-8
Evaluate 1 - (-10 - (-23 + -13 + 44)).
19
What is the value of -23 - (-52 + (-24 - -28))?
25
-4 + 20 - (-2 + -3 + 14 + 0)
7
-8 + 0 + -2 - (38891 - 38910)
9
What is the value of 5 - 1 - (22 - (-27 + 28))?
-17
3 - -25 - (227 + -200)
1
Calculate (19 - 25 - (-3 + (3 - 5 - 12))) + 0.
11
What is the value of -27 + (21 - (10 - (-11 + (18 - 7))))?
-16
What is 57 + (-138 - (-17 - 25))?
-39
Evaluate ((-18 - -19) + -36 - 32) + 0 + -1.
-68
108 - (89 + 0 - -27)
-8
Evaluate (0 - 10) + -1 - (-205 + (-198 - -462)).
-70
What is (1 + -17 - -1 - (12449 + -12472)) + -62 + -1?
-55
What is the value of -31 + 43 + -23 + -31 + 18?
-24
-12 - -23 - 4 - (96 + -124)
35
What is -5 + -81 + (-397 - -453)?
-30
Calculate (1 - 30) + 31 + 15.
17
What is the value of -21 + (-30 - (-7 + (-29 - 3)))?
-12
What is the value of 44 - (-3 - -5 - (53 + -19 + -24))?
52
What is -3 + 0 - -12 - (-6 + 56 + -30)?
-11
Calculate -2 + 62 - (-4280 - -4278).
62
What is the value of 10 - (-17 + (12 - 10) + 34)?
-9
7 - (48 - (1 - 53))
-93
What is the value of 25 + (-55 - -38) - 33?
-25
(-23 - (12 - 4)) + -10 + -1
-42
What is the value of 19 - (-72 + 1 + (-12 - -37))?
65
Calculate (9 - (-6 - 0)) + 276 + -265.
26
What is -123 + -4 - (-459 - -395)?
-63
Calculate (30 - 40) + (36 - (13 + 2)) + (2 - -6).
19
-17 - (1 - -11) - (-21 + 1)
-9
Evaluate (112 + -32 + -6 - 41) + (13 - 1).
45
Calculate -45 + (0 - -226 - 82).
99
What is the value of -4 + 31 + -11 + -50 + -14 - (-8 + 0)?
-40
What is 49 - (-14 + -5 - (-111 - -83))?
40
Calculate (7 - -1) + (7 - (-26 + 44 + -8)).
5
What is -10 - ((-5 + 18 + -2 - 35) + -8)?
22
Evaluate -34 + (-203 - -119) + -26.
-144
(-15 + -29 - -66 - (0 - -1)) + -8
13
(317 + -336 - (-1 - 18)) + 4 + 10
14
23 - (-14 + 44) - 23 - -15
-15
What is (-72 - 72) + 78 + -31?
-97
What is -5730 - -5698 - (1 + -13)?
-20
16 - (-13 - -80 - 17 - 21)
-13
Evaluate 1 - (3 - (-14 + -20)) - -123.
87
(5 - -8) + -16 + 4 + (40 - -6)
47
What is (-34 - -47) + -28 - (39 - 128)?
74
-62 + 121 + -113 + 110
56
What is -7 + (-12 + 17 + 12 - 1) + -131?
-122
What is -14 - (13 - (-21 + 68)) - -24?
44
What is the value of (-1 - 3) + (-29 - 2) + (4 + 15 - 8)?
-24
Calculate (32 - 3) + -17 + -41.
-29
What is the value of -39 - (37 + 20 - 86)?
-10
Calculate 1 - (-139 + 28 + 73).
39
-17 + 3 - (-19 + -2 + -90 + 212 - 11)
-104
-8566 + 8605 - (1 - -24)
14
Evaluate 0 + 11 - (-10 + 10) - (0 - (-1 + 31)).
41
What is -22 + -4 - (9 + -1 + -79)?
45
9 - ((-2 - ((-10 - -20) + -3)) + -2 + 53)
-33
Calculate (33 - -5) + 0 + 4 + -2 + -10.
30
Evaluate 39 - (-24 - 34 - -24 - -92).
-19
48 + (-48 - -52 - 59)
-7
Evaluate 3 - (-7 + 12 + (47 + -4 - (0 - -1)))